{"id":2,"date":"2011-10-18T16:00:51","date_gmt":"2011-10-18T16:00:51","guid":{"rendered":"http:\/\/www.arielarango.com\/?page_id=2"},"modified":"2014-01-24T22:47:32","modified_gmt":"2014-01-25T01:47:32","slug":"pagina-ejemplo","status":"publish","type":"page","link":"https:\/\/www.arielarango.com\/?page_id=2","title":{"rendered":"Libros"},"content":{"rendered":"<p><a href=\"http:\/\/www.arielarango.com\/?page_id=37\"><img decoding=\"async\" loading=\"lazy\" class=\"alignnone size-full wp-image-176\" src=\"http:\/\/www.arielarango.com\/wp-content\/uploads\/2011\/10\/las-malas-palabras-tapa.jpg\" alt=\"&quot;Las malas palabras&quot; por Ariel C. Arango\" width=\"190\" height=\"285\" \/><\/a>\u00a0 <a href=\"http:\/\/www.arielarango.com\/?page_id=91\"><img decoding=\"async\" loading=\"lazy\" class=\"alignnone size-full wp-image-177\" src=\"http:\/\/www.arielarango.com\/wp-content\/uploads\/2011\/10\/psicoanalisis-del-matrimonio-tapas.jpg\" alt=\"&quot;Don Juan. Psicoan\u00e1lisis del matrimonio&quot; por Ariel C. Arango\" width=\"190\" height=\"285\" \/><\/a>\u00a0 <a href=\"http:\/\/www.arielarango.com\/?page_id=143\"><img decoding=\"async\" loading=\"lazy\" class=\"alignnone size-full wp-image-271\" src=\"http:\/\/www.arielarango.com\/wp-content\/uploads\/2011\/10\/la-madre-voluptuosa-tapas1.jpg\" alt=\"&quot;La madre voluptuosa&quot; por Ariel C. Arango\" width=\"190\" height=\"285\" \/><\/a><\/p>\n<p><a href=\"http:\/\/www.arielarango.com\/?page_id=148\"><img decoding=\"async\" loading=\"lazy\" class=\"alignnone size-full wp-image-183\" src=\"http:\/\/www.arielarango.com\/wp-content\/uploads\/2011\/10\/los-genitales-y-el-destino-tapa.jpg\" alt=\"&quot;Los genitales y el Destino&quot; por Ariel C. Arango\" width=\"190\" height=\"285\" \/><\/a>\u00a0\u00a0<a href=\"http:\/\/www.arielarango.com\/?page_id=151\"><img decoding=\"async\" loading=\"lazy\" class=\"alignnone size-full wp-image-272\" title=\"\" src=\"http:\/\/www.arielarango.com\/wp-content\/uploads\/2011\/10\/el-anillo-funesto-tapa1.jpg\" alt=\"&quot;Don Juan. El anillo funesto&quot; por Ariel C. Arango\" width=\"190\" height=\"285\" \/><\/a>\u00a0 <a href=\"http:\/\/www.arielarango.com\/?page_id=163\"><img decoding=\"async\" loading=\"lazy\" class=\"alignnone size-full wp-image-273\" title=\"\" src=\"http:\/\/www.arielarango.com\/wp-content\/uploads\/2011\/10\/el-varon-castrado-tapa1.jpg\" alt=\"&quot;Don Juan. El var\u00f3n castrado&quot; por Ariel C. Arango\" width=\"190\" height=\"285\" \/><\/a><\/p>\n<p><a href=\"http:\/\/www.arielarango.com\/?page_id=171\"><img decoding=\"async\" loading=\"lazy\" class=\"alignnone size-full wp-image-274\" title=\"\" src=\"http:\/\/www.arielarango.com\/wp-content\/uploads\/2011\/10\/el-heroe-tapa1.jpg\" alt=\"&quot;Don Juan. El H\u00e9roe&quot; por Ariel C. Arango\" width=\"190\" height=\"285\" \/> <\/a>\u00a0<a href=\"http:\/\/www.arielarango.com\/?page_id=342\"><img decoding=\"async\" loading=\"lazy\" class=\"alignnone size-full wp-image-367\" title=\"&quot;Os Palavr\u00f5es. Virtudes da obsenidade&quot; por Ariel C. Arango\" src=\"http:\/\/www.arielarango.com\/wp-content\/uploads\/2011\/10\/os-palavroes-small.jpg\" alt=\"\" width=\"190\" height=\"285\" \/><\/a><\/p>\n<h5>Recomendaci\u00f3n especial del autor<\/h5>\n<p style=\"text-align: justify;\">Ariel C. Arango recomienda a todas aquellas personas que desean conocer su obra, comenzar leyendo en primer lugar el libro \u00abLas malas palabras\u00bb, ya que adem\u00e1s de someter el lenguaje obsceno a la mirada escrutadora del psicoan\u00e1lisis y descubrir su \u00faltimo secreto, establece el estilo y lenguaje que el autor emplea en todos los otros libros que\u00a0constituyen su obra.<\/p>\n<h5>Sobre la distribuci\u00f3n y forma de pago de los libros de Ariel Arango<\/h5>\n<p style=\"text-align: justify;\"><img decoding=\"async\" loading=\"lazy\" class=\"alignnone size-full wp-image-213\" title=\"\" src=\"http:\/\/www.arielarango.com\/wp-content\/uploads\/2011\/10\/lulu-formas-de-pago.jpg\" alt=\"\" width=\"255\" height=\"31\" \/><\/p>\n<p style=\"text-align: justify;\">Ariel Arango ha elegido a la empresa internacional <strong>Lulu.com<\/strong> como la \u00fanica autorizada y encargada de distribuir y cobrar sus libros en todo el mundo. Una vez que Ud. hace click en uno de los botones <strong>\u00abComprar ahora Lulu.\u00bb<\/strong>, ser\u00e1 redireccionado al sitio web de <strong>Lulu.com<\/strong> donde podr\u00e1 seleccionar el costo y tipo de env\u00edo e indicar la direcci\u00f3n en la cual desea recibir los libros y elegir la modalidad de pago que le parezca m\u00e1s conveniente (tarjeta de cr\u00e9dito \/ d\u00e9bito <strong>VISA<\/strong>, <strong>MASTERCARD<\/strong>, <strong>AMERICAN EXPRESS<\/strong>, <strong>DISCOVER<\/strong> o fondos disponibles en <strong>Paypal.com<\/strong>). Completado este paso, los libros ser\u00e1n enviados al domicilio indicado por Ud. guardando relaci\u00f3n con el m\u00e9todo de env\u00edo que haya seleccionado.<\/p>\n","protected":false},"excerpt":{"rendered":"<p>\u00a0 \u00a0 \u00a0\u00a0\u00a0 \u00a0 Recomendaci\u00f3n especial del autor Ariel C. Arango recomienda a todas aquellas personas que desean conocer su obra, comenzar leyendo en primer lugar el libro \u00abLas malas palabras\u00bb, ya que adem\u00e1s de someter el lenguaje obsceno a la mirada escrutadora del psicoan\u00e1lisis y descubrir su \u00faltimo secreto, establece el estilo y lenguaje [&hellip;]<\/p>\n","protected":false},"author":1,"featured_media":0,"parent":0,"menu_order":1,"comment_status":"open","ping_status":"open","template":"","meta":[],"_links":{"self":[{"href":"https:\/\/www.arielarango.com\/index.php?rest_route=\/wp\/v2\/pages\/2"}],"collection":[{"href":"https:\/\/www.arielarango.com\/index.php?rest_route=\/wp\/v2\/pages"}],"about":[{"href":"https:\/\/www.arielarango.com\/index.php?rest_route=\/wp\/v2\/types\/page"}],"author":[{"embeddable":true,"href":"https:\/\/www.arielarango.com\/index.php?rest_route=\/wp\/v2\/users\/1"}],"replies":[{"embeddable":true,"href":"https:\/\/www.arielarango.com\/index.php?rest_route=%2Fwp%2Fv2%2Fcomments&post=2"}],"version-history":[{"count":21,"href":"https:\/\/www.arielarango.com\/index.php?rest_route=\/wp\/v2\/pages\/2\/revisions"}],"predecessor-version":[{"id":26,"href":"https:\/\/www.arielarango.com\/index.php?rest_route=\/wp\/v2\/pages\/2\/revisions\/26"}],"wp:attachment":[{"href":"https:\/\/www.arielarango.com\/index.php?rest_route=%2Fwp%2Fv2%2Fmedia&parent=2"}],"curies":[{"name":"wp","href":"https:\/\/api.w.org\/{rel}","templated":true}]}}