{"id":342,"date":"2014-01-17T04:16:35","date_gmt":"2014-01-17T07:16:35","guid":{"rendered":"http:\/\/www.arielarango.com\/?page_id=342"},"modified":"2014-09-03T01:13:00","modified_gmt":"2014-09-03T04:13:00","slug":"os-palavroes","status":"publish","type":"page","link":"https:\/\/www.arielarango.com\/?page_id=342","title":{"rendered":"Os Palavr\u00f5es"},"content":{"rendered":"<h5>Insights Psicoanal\u00edticas ou Virtudes da obscenidade<\/h5>\n<p><img decoding=\"async\" loading=\"lazy\" class=\"alignnone wp-image-401 size-full\" src=\"http:\/\/www.arielarango.com\/wp-content\/uploads\/2014\/01\/tapa-palavroes2.jpg\" alt=\"tapa-palavroes\" width=\"300\" height=\"451\" srcset=\"https:\/\/www.arielarango.com\/wp-content\/uploads\/2014\/01\/tapa-palavroes2.jpg 300w, https:\/\/www.arielarango.com\/wp-content\/uploads\/2014\/01\/tapa-palavroes2-199x300.jpg 199w\" sizes=\"(max-width: 300px) 100vw, 300px\" \/><\/p>\n<h6 style=\"text-align: justify;\">A linguagem da volutuosidade \u00edntima<\/h6>\n<p style=\"text-align: justify;\">Em <strong>Os Palavr\u00f5es<\/strong> a linguagem obscena \u00e9 submetida pela primeira vez ao olhar escrutador da psican\u00e1lise que nos descobre seu \u00faltimo segredo. E assim nos revela o enorme valor que estas vozes interditas tem na vida amorosa de homens e mulheres tanto como na \u201ccura das palavras\u201d ideada por Freud. Ao mesmo tempo ele, o autor nos guia em uma emocionante viagem atrav\u00e9s da literatura, onde ouvimos o gostoso elenco dos \u201cpalavr\u00f5es\u201d na boca de Rabelais, Quevedo, Mozart, Voltaire, o marqu\u00eas de Sade, Joyce, Lawrence\u2026 Uma obra cheia de surpresas, verdadeiramente subjugante.<\/p>\n<h6 style=\"text-align: justify;\">\u00cdndice<\/h6>\n<p style=\"text-align: justify;\">Os Palavr\u00f5es. Alucina\u00e7\u00f5es. O caminho do leite. Entre fezes e urina Nascemos. Crueldade e submiss\u00e3o. O prazer secreto. A proibi\u00e7\u00e3o suprema. O anseio do mar. Elogio da obscenidade. O taboo. O liberdade.<\/p>\n<h5 style=\"text-align: justify;\">Coment\u00e1rios sobre o livro<\/h5>\n<p style=\"text-align: justify;\"><img decoding=\"async\" loading=\"lazy\" class=\"alignnone size-full wp-image-359\" src=\"http:\/\/www.arielarango.com\/wp-content\/uploads\/2014\/01\/ccela.jpg\" alt=\"\" width=\"590\" height=\"150\" srcset=\"https:\/\/www.arielarango.com\/wp-content\/uploads\/2014\/01\/ccela.jpg 590w, https:\/\/www.arielarango.com\/wp-content\/uploads\/2014\/01\/ccela-300x76.jpg 300w\" sizes=\"(max-width: 590px) 100vw, 590px\" \/><\/p>\n<p style=\"text-align: justify;\"><img decoding=\"async\" loading=\"lazy\" class=\"alignnone size-full wp-image-360\" title=\"\" src=\"http:\/\/www.arielarango.com\/wp-content\/uploads\/2014\/01\/csanguinetti.jpg\" alt=\"\" width=\"590\" height=\"150\" srcset=\"https:\/\/www.arielarango.com\/wp-content\/uploads\/2014\/01\/csanguinetti.jpg 590w, https:\/\/www.arielarango.com\/wp-content\/uploads\/2014\/01\/csanguinetti-300x76.jpg 300w\" sizes=\"(max-width: 590px) 100vw, 590px\" \/><\/p>\n<p style=\"text-align: justify;\"><img decoding=\"async\" loading=\"lazy\" class=\"alignnone size-full wp-image-361\" title=\"\" src=\"http:\/\/www.arielarango.com\/wp-content\/uploads\/2014\/01\/cinternational.jpg\" alt=\"\" width=\"590\" height=\"150\" srcset=\"https:\/\/www.arielarango.com\/wp-content\/uploads\/2014\/01\/cinternational.jpg 590w, https:\/\/www.arielarango.com\/wp-content\/uploads\/2014\/01\/cinternational-300x76.jpg 300w\" sizes=\"(max-width: 590px) 100vw, 590px\" \/><\/p>\n<p style=\"text-align: justify;\"><img decoding=\"async\" loading=\"lazy\" class=\"alignnone size-full wp-image-362\" title=\"\" src=\"http:\/\/www.arielarango.com\/wp-content\/uploads\/2014\/01\/cadelphi.jpg\" alt=\"\" width=\"590\" height=\"150\" srcset=\"https:\/\/www.arielarango.com\/wp-content\/uploads\/2014\/01\/cadelphi.jpg 590w, https:\/\/www.arielarango.com\/wp-content\/uploads\/2014\/01\/cadelphi-300x76.jpg 300w\" sizes=\"(max-width: 590px) 100vw, 590px\" \/><\/p>\n<h5>Vista previa de \u00abOs Palavr\u00f5es\u00bb<\/h5>\n<p style=\"margin: 12px auto 6px auto; font-family: Helvetica,Arial,Sans-serif; font-style: normal; font-variant: normal; font-weight: normal; font-size: 14px; line-height: normal; font-size-adjust: none; font-stretch: normal; -x-system-font: none; display: block;\"><a style=\"text-decoration: underline;\" title=\"View Os Palavr\u00f5es. Virtudes da obsenidade on Scribd\" href=\"http:\/\/es.scribd.com\/doc\/200321849\/Os-Palavroes-Virtudes-da-obsenidade\">Os Palavr\u00f5es. Virtudes da obsenidade<\/a> by <a style=\"text-decoration: underline;\" title=\"View arielarango's profile on Scribd\" href=\"http:\/\/www.scribd.com\/arielarango\">arielarango<\/a><\/p>\n<p><iframe loading=\"lazy\" id=\"doc_28274\" src=\"\/\/www.scribd.com\/embeds\/200321849\/content?start_page=1&amp;view_mode=scroll&amp;access_key=key-f5ws8tz7ox2xg61hzxh&amp;show_recommendations=true\" width=\"100%\" height=\"600\" frameborder=\"0\" scrolling=\"no\" data-auto-height=\"false\" data-aspect-ratio=\"0.666666666666667\"><\/iframe><\/p>\n<h5>Apresenta\u00e7\u00e3o e custo de \u00abOs Palavr\u00f5es\u00bb<\/h5>\n<p><strong>Livro de capa mole<\/strong><br \/>\n<strong>P\u00e1ginas:<\/strong> 194<br \/>\n<strong>Medidas (cm):<\/strong>\u00a0 15.6 x 23.4<br \/>\n<strong>Cor da tinta:<\/strong> branco e preto<br \/>\n<strong>Pre\u00e7o:\u00a0<\/strong>24.50 USD \/ 17.50 EUROS<br \/>\n<a href=\"http:\/\/www.lulu.com\/commerce\/index.php?fBuyContent=14377740\"><img decoding=\"async\" src=\"http:\/\/static.lulu.com\/images\/services\/buy_now_buttons\/es\/book_blue.gif?20140630001804\" alt=\"Support independent publishing: Buy this book on Lulu.\" border=\"0\" \/><\/a><\/p>\n<p><strong>Livro de capa dura<\/strong><br \/>\n<strong>P\u00e1ginas:<\/strong> 232<br \/>\n<strong>Dimens\u00f5es (cm):<\/strong>\u00a0 15.2 x 22.9<br \/>\n<strong>Cor da tinta:<\/strong> branco e preto<br \/>\n<strong>Pre\u00e7o:<\/strong>\u00a034.50 USD \/ 24.50 EUROS<br \/>\n<a href=\"http:\/\/www.lulu.com\/commerce\/index.php?fBuyContent=14377862\"><img decoding=\"async\" src=\"http:\/\/static.lulu.com\/images\/services\/buy_now_buttons\/es\/book_blue.gif?20140630001804\" alt=\"Support independent publishing: Buy this book on Lulu.\" border=\"0\" \/><\/a><\/p>\n","protected":false},"excerpt":{"rendered":"<p>Insights Psicoanal\u00edticas ou Virtudes da obscenidade A linguagem da volutuosidade \u00edntima Em Os Palavr\u00f5es a linguagem obscena \u00e9 submetida pela primeira vez ao olhar escrutador da psican\u00e1lise que nos descobre seu \u00faltimo segredo. E assim nos revela o enorme valor que estas vozes interditas tem na vida amorosa de homens e mulheres tanto como na [&hellip;]<\/p>\n","protected":false},"author":1,"featured_media":0,"parent":2,"menu_order":8,"comment_status":"open","ping_status":"open","template":"","meta":[],"_links":{"self":[{"href":"https:\/\/www.arielarango.com\/index.php?rest_route=\/wp\/v2\/pages\/342"}],"collection":[{"href":"https:\/\/www.arielarango.com\/index.php?rest_route=\/wp\/v2\/pages"}],"about":[{"href":"https:\/\/www.arielarango.com\/index.php?rest_route=\/wp\/v2\/types\/page"}],"author":[{"embeddable":true,"href":"https:\/\/www.arielarango.com\/index.php?rest_route=\/wp\/v2\/users\/1"}],"replies":[{"embeddable":true,"href":"https:\/\/www.arielarango.com\/index.php?rest_route=%2Fwp%2Fv2%2Fcomments&post=342"}],"version-history":[{"count":23,"href":"https:\/\/www.arielarango.com\/index.php?rest_route=\/wp\/v2\/pages\/342\/revisions"}],"predecessor-version":[{"id":403,"href":"https:\/\/www.arielarango.com\/index.php?rest_route=\/wp\/v2\/pages\/342\/revisions\/403"}],"up":[{"embeddable":true,"href":"https:\/\/www.arielarango.com\/index.php?rest_route=\/wp\/v2\/pages\/2"}],"wp:attachment":[{"href":"https:\/\/www.arielarango.com\/index.php?rest_route=%2Fwp%2Fv2%2Fmedia&parent=342"}],"curies":[{"name":"wp","href":"https:\/\/api.w.org\/{rel}","templated":true}]}}